e?
True
Suppose 10 + 22 = 4*h. Let p(a) = 15*a - 7. Is p(h) composite?
False
Suppose 228 = u - 9. Is u a composite number?
True
Let o be (1 + -2)*2 - -6. Let j(w) = -w**3 + 6*w**2 - 2*w - 3. Is j(o) a prime number?
False
Suppose -4*j + 3*y + 1501 = 0, -2*j - 5*y = -460 - 323. Is j prime?
True
Suppose 3*n - g = 2977, 0 = n - 3*g + 68 - 1055. Is n a prime number?
False
Let q(d) = 3*d**2 + 10*d - 10. Is q(-7) a prime number?
True
Let t be ((-10)/(-6) + 0)*3. Let q(s) = s**2 + 13*s + 3. Let g be q(-13). Suppose g*b - t*b = -46. Is b composite?
False
Suppose -2*x - 3*w - 6 = -3*x, -w + 24 = 4*x. Suppose -x*t + 156 = -2*t. Is t prime?
False
Let z(r) = r**2 - 11*r + 10. Is z(12) a composite number?
True
Let v be (-2 - 0)/((-4)/6). Suppose -v*g = -0*g - 6. Suppose 45 = m - 4*h + 6, -g*h = 3*m - 61. Is m composite?
False
Suppose -3*u + 5*u = 0. Suppose u = -n - 5*b + 107, -22 + 510 = 4*n + 5*b. Is n prime?
True
Suppose 6*z - 7*z + 253 = v, -5*v = 4*z - 1014. Is z a composite number?
False
Suppose 4*o - 1555 = -3*b + 2*b, -2*b = 5*o - 3101. Is b composite?
False
Let l(v) = -v**3 - 13*v**2 + 20*v + 11. Let p be l(-14). Let u = 192 + p. Is u a prime number?
False
Let t be ((-3)/4)/((-2)/(-8)). Let f(c) = -2*c**3 - 3*c**2 - 4*c - 4. Is f(t) a prime number?
False
Let a(k) = -k**2 + 6*k - 1. Let d be a(6). Let t(f) = 11*f**2 - 7*f - 2. Let q(y) = 16*y**2 - 10*y - 3. Let r(l) = 5*q(l) - 7*t(l). Is r(d) a prime number?
True
Let o(x) = 142*x**3 + x**2. Suppose -4 + 10 = 5*d + n, 5*n = 2*d + 3. Is o(d) a composite number?
True
Suppose -4*k + 8 + 16 = 0. Let p(f) = -f**3 + 7*f**2 - 2*f - 1. Is p(k) a composite number?
False
Suppose x - 162 = -x. Suppose 3*b - x = -4*a + 63, -2*b - 36 = -a. Let s = 55 - a. Is s a composite number?
False
Let x = -511 - -1418. Is x a composite number?
False
Let k(b) be the second derivative of 37*b**4/12 + b**3/3 - 3*b**2/2 + 2*b. Is k(2) a prime number?
True
Let u = 112 + -64. Suppose 4*k - u = 184. Is k prime?
False
Let n = 10 + -7. Let o be -6 - (0/n - 2). Let r = 10 + o. Is r prime?
False
Suppose 4*q + 0*q = 3*f + 61, 0 = f - 4*q + 7. Let b be 6/f + 443/9. Is 3*2/6*b a prime number?
False
Let u(j) = 4 + 2*j**2 + j**2 + 4*j + j**3 + 0*j. Let z(c) = c**3 + 2*c**2 + 5*c + 5. Let r(k) = 6*u(k) - 5*z(k). Is r(-8) a composite number?
False
Let q = 1537 - 1068. Suppose l = 3*p + 106, l + q = 5*l + 3*p. Is l prime?
False
Suppose 3*i + 140 = -k + 1093, 4*i - 4*k = 1260. Is i a composite number?
False
Suppose -l - 1284 = -5*l. Is l a composite number?
True
Suppose -23*t - 282 = -25*t. Is t composite?
True
Let l = 113 - -12. Suppose -2*u + l = -33. Is u a prime number?
True
Let y be ((-6)/(-4))/(27/36). Is (y/(-4))/(2/(-820)) a composite number?
True
Let g = -2 + 4. Suppose 4 = -g*p - 4. Is ((-487)/(-2))/(p/(-8)) a prime number?
True
Let h be -2 + (-4)/(8/1866). Is (-4)/(-18) + h/(-45) a composite number?
True
Let d be (15/(-20))/((-1)/(-20)). Let m = 22 + d. Is 18/(-63) + 835/m prime?
False
Suppose 4*p - 28 = 8*p. Let b(s) = -s**3 - s**2 - s + 1. Let t(f) = -2*f**3 + 2*f**2 - 12*f + 1. Let z(a) = 3*b(a) - t(a). Is z(p) a prime number?
True
Suppose -l + c = 2 - 1, -5*l - 2*c - 5 = 0. Let r be (-3)/12 + (-1)/(-4). Is -3 + r + l + 81 prime?
False
Let d(w) = w**2 - 3*w - 4. Let n be d(4). Suppose 0 = -4*s - n*s + 148. Is s prime?
True
Let i = -324 - -697. Is i prime?
True
Let k(d) = d + 9. Let x be k(-7). Let m be x/(-3) - (-14)/3. Is 38 + 0*2/m a prime number?
False
Suppose 2*t + 4*f + 2 = 0, 4*t - 3*f + 4 = -5*f. Let k be 2/((2 + t)/19). Let h = k - 23. Is h a prime number?
False
Let x(v) = -2*v**2 - v**2 - 8 + 2 + 11*v - v**3. Is x(-9) a composite number?
True
Let z(h) be the second derivative of h**4/12 - 5*h**3/3 - 9*h**2 + h. Is z(13) prime?
False
Suppose 35*b - 34*b - 143 = 0. Is b prime?
False
Let p(k) = -k**3 + 11*k**2 - k + 11. Let t be p(11). Suppose -3*b + 5*u + 16 = t, 5*b + 3*u = 5*u + 14. Is 6/(-3) - -71 - b a prime number?
True
Suppose -g - 672 = 2*j - 0*g, 5*j - 3*g = -1669. Let q = -112 - j. Is q a composite number?
False
Let m = 1323 - 428. Is m a composite number?
True
Let j(s) = s**3 - 6*s**2 + 6*s + 3. Let b be j(5). Let f = b + -4. Suppose -d = -f*d + 111. Is d composite?
False
Suppose m + i + 2 = 1, -5*m - 4*i = 2. Suppose -m*v + 32 = -78. Is v a prime number?
False
Suppose -3*x - 4*r = -17, -4*x - 3*r + 31 = -6*r. Suppose -4*y - 4 = 0, p = 3*y + x + 1. Let h = 14 + p. Is h composite?
False
Suppose 3*a - 1081 = 128. Is a a composite number?
True
Let q = -246 + 1475. Is q a prime number?
True
Suppose -a + 1 = 4*m, -3*a - 14 = -4*m + 47. Let j be ((-138)/a)/(2/10). Suppose -48 = -2*d + 5*k + 2, -2*d + 4*k = -j. Is d composite?
True
Let n(t) = 47*t - 1. Let w be n(-1). Let s be (-5)/((-15)/(-9)) + 136. Let b = w + s. Is b prime?
False
Let o(r) = 7*r**3 + 1. Let t be (3/(-4))/(24/(-64)). Is o(t) prime?
False
Suppose -s + c = -435, -3*c = 3*s - 7*c - 1305. Suppose -5*w = -s + 160. Is w a composite number?
True
Suppose 0 = -4*o + 20, -184 = -3*a - 4*o + 136. Let p = a - 47. Suppose i + 10 = 5*d + p, 2*i = 3*d + 58. Is i prime?
True
Suppose 9 = 4*a + 3*g, -5*a - 6 = -3*a - 2*g. Suppose -2*f + 10 = -a*f. Suppose -5*x + 40 = f. Is x prime?
True
Is (-145)/45 + 3 - (-4673)/9 a prime number?
False
Is 6603 - (15/30 - (-10)/(-4)) a composite number?
True
Let f(x) = -x**3 - 3*x**2 + 2*x - 2. Let j be f(-4). Let k = 9 - j. Is ((-9)/k - -3) + 9 a composite number?
True
Let t(y) = 14*y**3 - 3*y**2 - 3*y + 3. Let b be t(-3). Let r = b - -596. Is r composite?
True
Let a be (-16152)/(-36)*(-3)/(-2). Suppose 4*g = 1491 + a. Is g prime?
True
Let v be 16*((-6)/(-4) - 1). Let l(w) = 2 + 2 + 2*w - 3 - 128*w**3 + v*w**3. Is l(-1) prime?
False
Let k = 2935 + -1020. Is k composite?
True
Let q(o) = 2*o**3 - 4*o**2 - 2*o**3 - 2*o**2 + 3*o**3 - 5 - o. Is q(5) composite?
True
Suppose 0*g + 630 = 5*g. Is (-1)/(-2)*(g - -8) composite?
False
Suppose 4*l - o + 385 - 3942 = 0, 4*l = -2*o + 3554. Is l a prime number?
False
Suppose 0*j - 2*j - 14 = -4*f, 2*j = 5*f - 16. Let m be 72 + 2*j/2. Suppose -m = -2*x + x. Is x prime?
False
Let g = 12 - 26. Is (-3462)/g + 8/(-28) a composite number?
True
Let a(h) = h**2 + 9*h. Let q be a(-7). Let c(s) = -s**3 - 9*s**2 - 6*s - 7. Is c(q) prime?
False
Suppose j = 6*j - 925. Is j prime?
False
Let z = -351 + 538. Is z a composite number?
True
Suppose -2*p + 0*p + 3310 = 0. Is p prime?
False
Is 1/(1 - 30/33) a composite number?
False
Let i(g) be the first derivative of -2*g**5/5 - g**4/12 - g**3/3 + g**2/2 - 4*g + 1. Let d(s) be the first derivative of i(s). Is d(-2) a prime number?
False
Let i(n) = -n**3 - 8*n**2 - n - 6. Let s be i(-8). Let p(t) = -3*t**s - 2*t**2 - t - 5 + 4*t**2 - t**3. Is p(-4) prime?
True
Suppose -o + 0*c + 4*c + 2 = 0, 0 = 5*o - 5*c - 10. Suppose -s + 47 = -o*y, -s = -2*y - y - 52. Is s a composite number?
False
Is 1 + 16 - (1 - 5) a prime number?
False
Let r = 0 + -6. Let g(h) = h**3 + 6*h**2 - 5*h - 8. Is g(r) a prime number?
False
Let s(m) = 9*m + 4 - 4 - m**2. Let h be 30/4 + 4/(-8). Is s(h) composite?
True
Let y = 417 + 734. Is y a prime number?
True
Let u be (2/6)/((-1)/(-15)). Suppose -k = -b - 152, -u*k + k - 3*b + 643 = 0. Is k composite?
False
Suppose 0 = -2*w + 3*u + 310, 5*w - 175 = 5*u + 600. Let y = -98 + w. Suppose -15 + y = 2*t. Is t a prime number?
False
Suppose y = 2*y - 115. Is y composite?
True
Let h(c) = 127*c + 22. Is h(1) a composite number?
False
Let i(r) = -5*r + 4. Let k(y) = -5*y + 4. Let v(m) = 2*i(m) - 3*k(m). Is v(3) composite?
False
Let r(f) = 29*f**2 - 4*f - 1. Is r(-4) a composite number?
False
Let d be 6 - (1 + (-4)/2). Let r = d + 17. Suppose r = g - 27. Is g a composite number?
True
Let v(u) = 1 + 2 + u - 2*u. Let q = -8 - -5. Is v(q) a prime number?
False
Let u = 38 - -125. Is u a composite number?
False
Let p be (-2 - 1)/3*0. Suppose p = 4*o - 6*o. Suppose o = -3*s + 4*s - 34. Is s prime?
False
Let f(y) = -2*y**2 + 4*y - 2. Let o be f(2). Is (8/12)/o*-573 a prime number?
True
Let c(y) be the second derivative of -7/6*y**3 + 1/6*y**4 + 2*y - 3*y**2 + 0. Is c(-5) a composite number?
False
Let m(g) = -39*g**2 + g + 1 + 40*g**2 + 0. Is m(-6) composite?
False
Suppose 72 = 2*b + 2. Is b prime?
False
Suppose 4696 = 7*g - 2185. Is g prime?
True
Is 1/((-2)/(-4)) + 4